er when (2/(-3))/((-20)/570) is divided by q.
8
Let k = 25 + -2. Suppose 0 = -6*w + 7*w - k. What is the remainder when w is divided by 12?
11
Suppose 20 = -5*n, 3*n + 0*n - 10 = -j. Let w(o) = o**3 + 11*o**2 - 12*o - 23. Let i = -20 - -9. What is the remainder when w(i) is divided by j?
21
Suppose 3*f = -4*i + 8*f + 683, 2*f + 6 = 0. Calculate the remainder when i is divided by ((-84)/9)/((-10)/45).
41
Calculate the remainder when 137 + (-15)/(-10)*(-20)/(-5) is divided by 16.
15
Let w(s) = s - 2. Let n be w(5). Suppose 0 = l + 4*l + n*j - 79, -4*l + j = -70. Let r = -25 - -90. What is the remainder when r is divided by l?
14
Let m(n) = 27*n - 34. What is the remainder when 939 is divided by m(2)?
19
Calculate the remainder when 375 is divided by 30 - (15 + -6)/1.
18
What is the remainder when 33 is divided by (-2 - 98/(-8)) + (-15)/12?
6
Let i be (-7)/(14/6) - 11. Let d = 22 + i. Suppose -3*p - 130 = -5*f + 66, 0 = 3*f + 3*p - 108. Calculate the remainder when f is divided by d.
6
Let b = 316 + -275. Calculate the remainder when b is divided by 2/(-14) - (1 + (-212)/14).
13
Let i = 2415 - 2392. Suppose 3*p + 4 - 67 = 0. Let x = 29 - p. Calculate the remainder when i is divided by x.
7
Suppose -1066 = -65*f + 52*f. What is the remainder when 309 is divided by f?
63
Suppose s = 8 + 40. Let a = 11 + -12. Let f = 11 + a. What is the remainder when s is divided by f?
8
Suppose 8*a + 0*a = 240. Let o(x) be the second derivative of -x**5/20 + x**4/3 + x**3/2 + 2*x**2 - x. Calculate the remainder when a is divided by o(4).
14
Let r(w) = w**2 - 3*w - 26. Let l be r(11). Let n = -43 + l. What is the remainder when 54 is divided by n?
16
Suppose -4*k + 1 = -4*t - 11, 0 = 4*k + 5*t - 12. Calculate the remainder when k/6*76 - -3 is divided by 22.
19
Let r = -707 + 851. What is the remainder when r is divided by 43?
15
Let w be 5/((-6)/(180/(-25))). Let o(z) = -2*z + 23. What is the remainder when 32 is divided by o(w)?
10
Let x be (21/6)/(3/6). Let g(a) = a**2 - 45 + 0*a**2 + 49 + x*a. What is the remainder when g(-9) is divided by 6?
4
Let y = -314 + 316. Let w(d) = d**3 - 2*d**2 + d - 2. Let k be w(3). Suppose 0 = 3*f - 11 - k. Calculate the remainder when f is divided by y.
1
Let a = -70 + 71. Let i(r) = -4*r - 8. What is the remainder when a/5 + 4864/80 is divided by i(-6)?
13
Let v(m) = -m**2 - 6*m + 1. Let c be v(-5). Suppose 0 = -c*i + 2*i + 3*s + 411, 403 = 4*i + 5*s. Calculate the remainder when i is divided by 26.
24
Let f be 24/(-10) + (-10)/(-25). Let c(a) = -4*a - 3. Let d be c(f). Calculate the remainder when (d/(-4))/(1/(-16)) is divided by 7.
6
Suppose 0 = -5*z - 2*a - 108, 33 = -4*z + 4*a - 59. Calculate the remainder when 77 is divided by 4/z - 288/(-11).
25
Let a be -2 - (-4 + (-6)/(-3)). Suppose l - 5*t = -0*l + 43, -3*l + 103 = -2*t. Suppose a*b = -b + l. Calculate the remainder when b is divided by 17.
16
Suppose 97*o - 92*o - 270 = 0. Calculate the remainder when o is divided by (7 - 6)*29*1.
25
Suppose 2296 = 4*x - 4*l + 360, 20 = -4*l. What is the remainder when x is divided by 22?
17
Calculate the remainder when 402 is divided by (-6)/1 - (-62 - 48).
90
Let k(i) = -i**2 - 6*i + 8. Let p(r) = -r + 1. Suppose -2*j = -3 + 13. Let a(d) = j*p(d) + k(d). What is the remainder when 1 is divided by a(-2)?
0
Let d(h) = h + 59. Calculate the remainder when 237 is divided by d(-9).
37
Let w be -2 + (-1)/(3/(-60)). Suppose 3*f = w - 3. Calculate the remainder when 7 is divided by f.
2
Suppose 4*t - 2*m = -7*m + 754, 5*t + 4*m - 938 = 0. Calculate the remainder when (-19)/76 - t/(-8) is divided by 13.
10
Let l = 663 + -585. Calculate the remainder when l is divided by 12.
6
Suppose -7 = v - 12. Suppose v*h - 13*h = -48. Calculate the remainder when 27 is divided by h.
3
Let k = 3 - 1. Suppose k*l - 7 - 5 = 0. Calculate the remainder when 20 is divided by l.
2
Suppose -133 = -2*b + 57. Calculate the remainder when b is divided by 12.
11
Suppose -4*k + 0 = 5*j - 4, 2*j + 4*k = 4. Suppose -2 + j = z. What is the remainder when 777/14 - z/(-4) is divided by 19?
17
Suppose 2*w - 7*y = -4*y + 384, 3*w - 576 = -5*y. Let b = 287 - w. Calculate the remainder when b is divided by 32.
31
Suppose -418*b + 209*b - 210 = -216*b. Suppose -115 = -7*z + 2*z. What is the remainder when b is divided by z?
7
Let t(l) = l**3 + 11*l**2 - 15*l - 15. Let a be t(-12). Suppose -a*c = -7*c - 910. What is the remainder when c is divided by 34?
31
Let v = -224 - -278. Suppose 6*m - v - 30 = 0. What is the remainder when 2*(-2)/(-4)*25 is divided by m?
11
Suppose -125 = 6*t - 29. Let o = t + 19. Let x = 10 - o. Calculate the remainder when 12 is divided by x.
5
Suppose 4*x - 2*r + 3*r = 77, -109 = -5*x + 3*r. What is the remainder when 2077 is divided by x?
17
Let k = 863 + -534. What is the remainder when k is divided by 6?
5
Let k = -141 - -157. What is the remainder when 30 is divided by k?
14
Calculate the remainder when 375 is divided by 6/(11 - (-64)/(-6)).
15
Let j(f) be the first derivative of f**3 + 7*f**2/2 + 10*f - 19. What is the remainder when 142 is divided by j(-3)?
14
Suppose -3*j + j + g = -183, 5*g = -15. Calculate the remainder when j is divided by 7.
6
Let h(o) = o**2 + 4*o - 9. Let z be h(-6). Suppose z*i + i - 48 = 0. Calculate the remainder when 45 is divided by i.
9
Let k(z) = -z**2 + 9*z - 4. Let f be k(8). Suppose 4*n = -w + 6 + 9, -4*n = -f*w. Let r = -18 + 28. What is the remainder when r is divided by n?
1
Let x = 1826 - 1756. Calculate the remainder when x is divided by 26.
18
Suppose 0 = 4*w + 3*h - 15, 36*w - 31*w = -h + 27. Calculate the remainder when w is divided by 1.
0
Let v(f) = f**3 + 4*f**2 - 4*f - 3. Suppose -13*c - 150 = -618. Calculate the remainder when c is divided by v(-4).
10
Let j = 24 + -26. Let z be j/(56/(-18) + 3). Calculate the remainder when 16 is divided by z*(4/6)/2.
4
Suppose -3*b - 4*k = 2*b - 41, 24 = 4*b + k. Let h = -3 + b. Let f(q) = q**2 - q + 1. Calculate the remainder when f(2) is divided by h.
1
Suppose -51 = -2*l - 39. Suppose x - 4*j = -8, -4 - 12 = -4*j. Suppose -a + x + 16 = z, -4*a = 3*z - 75. What is the remainder when z is divided by l?
3
Let w(x) = x**3 + x**2 - x + 38. Let y(a) = 22*a**2 + 18*a - 27. What is the remainder when y(3) is divided by w(0)?
35
Let l be (1 - (-9)/(-3)) + -1. Calculate the remainder when 6 is divided by (-6 + 9)/((-1)/4*l).
2
Let x(y) = 5 - 3*y**2 + 4*y**2 - 5. Let v(u) = 8*u**2 - u - 1. Let o(q) = v(q) - 3*x(q). What is the remainder when o(-1) is divided by 4?
1
Suppose 58*w = 5*w + 7208. Calculate the remainder when w is divided by 23.
21
Let c(f) = -37*f + 652. Calculate the remainder when 66 is divided by c(16).
6
Let j = 349 - 313. What is the remainder when 286 is divided by j?
34
Let x(n) = -n**3 - n**2 + n + 3. Let z be x(0). Let w be 3 - 2/(5 - z). What is the remainder when 6 is divided by w + (-3 + 1 - -4)?
2
Suppose 3*o + 88 = -2*f + 11, 4*f = o + 21. Let p = o + 17. Let v(c) = c**2 - 3*c + 7. Calculate the remainder when v(p) is divided by 24.
23
Suppose -3*z + 33 = -24. Let v = -21 + 21. Suppose 3*j + v = 21. Calculate the remainder when z is divided by j.
5
Suppose -2*h + 5*r = -219, 116 = h + 7*r - 3*r. What is the remainder when h is divided by 57?
55
Suppose i = -4*i + 65. Let c = 381 - 346. What is the remainder when c is divided by i?
9
Let p be (4/6)/((-8)/(-60)). Suppose -3*g - 2*s + p*s = -6, 5*g - s - 18 = 0. What is the remainder when 14 is divided by g?
2
Let l be -3 + 6 + 318/4*2. Let i = 269 - l. Calculate the remainder when i is divided by 27.
26
Let a be (-666)/(-3) + (-16)/4. Calculate the remainder when 0 + a/2*1 is divided by 22.
21
Let t(d) = 2*d - 3*d**2 + 0*d**3 - 1 + 0*d + d**3. Suppose -12*s = -15*s + 15. Calculate the remainder when t(s) is divided by 31.
28
Suppose -27*m + 3430 = 22*m. What is the remainder when 202 is divided by m?
62
Suppose -2*j + 3*j - 26 = 0. Let h(i) = -i**3 - 9*i**2 - 11*i + 4. What is the remainder when h(-9) is divided by j?
25
Suppose -11*n - 515 = -16*n. Calculate the remainder when n is divided by 52.
51
Suppose 0 = -16*m + 2*m + 98. What is the remainder when 88 is divided by m?
4
Let m = 28 + -16. Let n(r) = -2*r**2 + 2*r. Let x be n(2). Calculate the remainder when m is divided by 1/(2/x)*-2.
0
